en 394 is divided by 6?
4
What is the remainder when 218 is divided by 37?
33
Calculate the remainder when 2 is divided by 1.
0
Calculate the remainder when 1713 is divided by 66.
63
What is the remainder when 54 is divided by 47?
7
What is the remainder when 273 is divided by 23?
20
Calculate the remainder when 440 is divided by 63.
62
What is the remainder when 544 is divided by 254?
36
Calculate the remainder when 531 is divided by 91.
76
What is the remainder when 73 is divided by 63?
10
What is the remainder when 12138 is divided by 176?
170
Calculate the remainder when 1027 is divided by 4.
3
What is the remainder when 103 is divided by 12?
7
Calculate the remainder when 62 is divided by 2.
0
Calculate the remainder when 1448 is divided by 358.
16
Calculate the remainder when 156 is divided by 34.
20
What is the remainder when 3848 is divided by 17?
6
What is the remainder when 357 is divided by 72?
69
What is the remainder when 928 is divided by 61?
13
Calculate the remainder when 29 is divided by 18.
11
What is the remainder when 881 is divided by 64?
49
What is the remainder when 116 is divided by 15?
11
What is the remainder when 84939 is divided by 26?
23
Calculate the remainder when 614 is divided by 14.
12
What is the remainder when 631 is divided by 125?
6
Calculate the remainder when 527 is divided by 41.
35
What is the remainder when 2254 is divided by 66?
10
What is the remainder when 32808 is divided by 170?
168
What is the remainder when 370 is divided by 79?
54
What is the remainder when 28 is divided by 12?
4
Calculate the remainder when 122 is divided by 62.
60
What is the remainder when 253 is divided by 62?
5
What is the remainder when 299 is divided by 143?
13
Calculate the remainder when 7784 is divided by 18.
8
Calculate the remainder when 792 is divided by 15.
12
What is the remainder when 4678 is divided by 18?
16
Calculate the remainder when 4655 is divided by 20.
15
What is the remainder when 9590 is divided by 78?
74
Calculate the remainder when 247 is divided by 90.
67
Calculate the remainder when 166 is divided by 28.
26
Calculate the remainder when 2896 is divided by 69.
67
What is the remainder when 31 is divided by 8?
7
Calculate the remainder when 255 is divided by 64.
63
What is the remainder when 21 is divided by 15?
6
What is the remainder when 129 is divided by 65?
64
Calculate the remainder when 142 is divided by 37.
31
What is the remainder when 85 is divided by 36?
13
Calculate the remainder when 149 is divided by 148.
1
Calculate the remainder when 296 is divided by 82.
50
Calculate the remainder when 153 is divided by 32.
25
What is the remainder when 266 is divided by 38?
0
Calculate the remainder when 49 is divided by 14.
7
Calculate the remainder when 17549 is divided by 27.
26
Calculate the remainder when 154 is divided by 78.
76
Calculate the remainder when 3191 is divided by 8.
7
Calculate the remainder when 1396 is divided by 115.
16
What is the remainder when 199 is divided by 57?
28
Calculate the remainder when 187 is divided by 94.
93
Calculate the remainder when 1289 is divided by 26.
15
Calculate the remainder when 15520 is divided by 19.
16
Calculate the remainder when 135 is divided by 25.
10
Calculate the remainder when 161 is divided by 35.
21
Calculate the remainder when 43 is divided by 28.
15
Calculate the remainder when 23346 is divided by 19.
14
What is the remainder when 212 is divided by 16?
4
Calculate the remainder when 177 is divided by 9.
6
What is the remainder when 11 is divided by 4?
3
What is the remainder when 235 is divided by 49?
39
What is the remainder when 412 is divided by 33?
16
Calculate the remainder when 144 is divided by 88.
56
Calculate the remainder when 232 is divided by 16.
8
Calculate the remainder when 1456 is divided by 81.
79
Calculate the remainder when 1020 is divided by 14.
12
Calculate the remainder when 1489 is divided by 1472.
17
What is the remainder when 223 is divided by 119?
104
What is the remainder when 369 is divided by 90?
9
What is the remainder when 103 is divided by 67?
36
What is the remainder when 5132 is divided by 34?
32
Calculate the remainder when 1455 is divided by 13.
12
What is the remainder when 805 is divided by 282?
241
Calculate the remainder when 6331 is divided by 28.
3
Calculate the remainder when 451 is divided by 20.
11
What is the remainder when 1059 is divided by 262?
11
What is the remainder when 292 is divided by 28?
12
What is the remainder when 1611 is divided by 54?
45
Calculate the remainder when 732 is divided by 353.
26
Calculate the remainder when 8727 is divided by 37.
32
Calculate the remainder when 405 is divided by 34.
31
What is the remainder when 148 is divided by 85?
63
Calculate the remainder when 276 is divided by 79.
39
Calculate the remainder when 207 is divided by 30.
27
What is the remainder when 2252 is divided by 14?
12
What is the remainder when 850 is divided by 144?
130
What is the remainder when 42 is divided by 38?
4
Calculate the remainder when 326 is divided by 47.
44
What is the remainder when 120 is divided by 40?
0
Calculate the remainder when 549 is divided by 505.
44
What is the remainder when 104 is divided by 101?
3
What is the remainder when 33953 is divided by 52?
49
What is the remainder when 235 is divided by 48?
43
Calculate the remainder when 217 is divided by 137.
80
What is the remainder when 327 is divided by 81?
3
What is the remainder when 13 is divided by 6?
1
What is the remainder when 4075 is divided by 16?
11
Calculate the remainder when 493 is divided by 31.
28
What is the remainder when 1154 is divided by 89?
86
What is the remainder when 93 is divided by 41?
11
What is the remainder when 1681 is divided by 334?
11
Calculate the remainder when 2446 is divided by 144.
142
Calculate the remainder when 1296 is divided by 646.
4
What is the remainder when 961 is divided by 37?
36
What is the remainder when 657 is divided by 60?
57
Calculate the remainder when 556 is divided by 61.
7
Calculate the remainder when 1673 is divided by 30.
23
What is the remainder when 131 is divided by 27?
23
Calculate the remainder when 285 is divided by 72.
69
What is the remainder when 368 is divided by 62?
58
What is the remainder when 686 is divided by 135?
11
What is the remainder when 254 is divided by 179?
75
What is the remainder when 356 is divided by 21?
20
Calculate the remainder when 219 is divided by 14.
9
Calculate the remainder when 106 is divided by 29.
19
What is the remainder when 1196 is divided by 63?
62
Calculate the remainder when 79 is divided by 17.
11
What is the remainder when 1788 is divided by 120?
108
What is the remainder when 312 is divided by 7?
4
What is the remainder when 30 is divided by 11?
8
What is the remainder when 137 is divided by 29?
21
Calculate the remainder when 34 is divided by 10.
4
What is the remainder when 413 is divided by 46?
45
Calculate the remainder when 153 is divided by 7.
6
Calculate the remainder when 4850 is divided by 33.
32
What is the remainder when 75 is divided by 23?
6
Calculate the remainder when 2126 is divided by 549.
479
What is the remainder when 357 is divided by 9?
6
What is the remainder when 4866 is divided by 31?
30
What is the remainder when 106 is divided by 56?
50
What is the remainder when 8258 is divided by 27?
23
What is the remainder when 2203 is divided by 18?
7
Calculate the remainder when 2968 is divided by 124.
116
What is the remainder when 102 is divided by 55?
47
What is the remainder when 1427 is divided by 27?
23
What is the remainder when 571 is divided by 144?
139
What is the remainder when 427 is divided by 48?
43
What is the remainder when 192 is divided by 27?
3
Calculate the remainder when 179 is divided by 45.
44
What is the remainder when 399 is divided by 58?
51
Calculate the remainder when 252 is divided by 5.
2
What is the remainder when 114 is divided by 52?
10
Calculate the remainder when 87 is divided by 42.
3
Calculate the remainder when 559 is divided by 38.
27
Calculate the remainder when 504 is divided by 59.
32
What is the remainder when 83 is divided by 17?
15
Calculate the remainder when 55 is divided by 18.
1
Calculate the remainder when 366 is divided by 4.
2
Wha